 14. Suppose 6*o - 620 = a*o. Calculate the greatest common factor of 31 and o.
31
Let f = -264 - -284. Calculate the highest common divisor of 10 and f.
10
Suppose -3*y + 15 = 2*y. Let v be 5 - (y + (-1 - 0)). Suppose -31 = -v*c - 3*o - 1, -3*o - 42 = -3*c. What is the greatest common factor of c and 84?
12
Let g(x) = 2*x**3 - 26*x**2 - 21*x + 23. Let m be g(15). What is the highest common factor of m and 32?
32
Let h be ((-299)/(-69))/(1/6). What is the greatest common factor of 234 and h?
26
Let o(j) = j**2 + j - 3. Let k be o(5). Let v be (0 - k)*(-1 - 2). Suppose 3*m + v = 3*w, 3*w - 7*m - 81 = -3*m. What is the greatest common factor of w and 3?
3
Let z be ((-7 - -13) + -4)*19 - 2. Let f(t) = -7*t - 1. Let l be f(-7). What is the highest common factor of l and z?
12
Let f = 8 - 12. Let j be 8/1 + (-6 - f). Calculate the highest common divisor of 36 and j.
6
Let p be 2/8 - (-95)/20. Suppose -24 = -4*l - 5*j, p*j - 3*j = 4*l - 24. Calculate the highest common divisor of l and 30.
6
Let w(l) = -3*l**2 + 50*l + 47. Let m be w(17). Let r = 20 - 14. Calculate the greatest common divisor of r and m.
6
Let q(k) = -2*k - 2. Let w be q(-2). Suppose -w*o + 47 - 270 = -5*c, -2*o = 8. What is the greatest common divisor of c and 301?
43
Suppose -7150 = -12*b + 5450. Calculate the highest common factor of b and 875.
175
Let q(v) = -45*v + 1760. Let g be q(39). Let a = -25 + 35. Calculate the highest common factor of a and g.
5
Let b = 0 - 0. Suppose -2*q - 2 = 4*w, b = 2*q + 3*q + 5*w - 20. Suppose -v - 2*v = 5*h - 243, -v + 2*h + 81 = 0. What is the highest common divisor of q and v?
9
Suppose -28*d = 46*d - 15540. What is the highest common divisor of d and 56?
14
Let c be (-12)/(-21) + 681/(-42)*-2. Let m be c - (-13 - -5 - -5). Calculate the greatest common factor of 6 and m.
6
Let p be 2/(-3) - (-64)/6. Suppose 0 = -3*z + 38 - 158. Let m = 40 - z. Calculate the greatest common factor of p and m.
10
Let q(d) = -7*d + 3. Let v be q(-6). Let m = 54 + -39. What is the highest common factor of v and m?
15
Let y = 164 + -128. What is the highest common factor of y and 126?
18
Suppose -l + 4*f + 15 = 0, 4*l - 5*f = 9 + 7. Let t be (-118)/(-6) + l/(-3). Let z = 28 - t. What is the greatest common divisor of z and 32?
8
Suppose -1336 = 4*c - 1640. What is the greatest common factor of 209 and c?
19
Suppose 4*i - 140 = i + 4*p, 0 = -i + 5*p + 54. What is the greatest common factor of i and 99?
11
Suppose -531 = -2*q - 3*k, 25*q - 30*q - 4*k + 1317 = 0. What is the highest common divisor of 696 and q?
87
Let k = 285 - 281. What is the highest common factor of k and 58?
2
Suppose 4*m + 2 = 5*m. Suppose m*r = 3*r - 10. What is the greatest common factor of r and 2?
2
Suppose 20 = 4*k + 4*c - 2*c, -2*k - 2 = -5*c. Suppose n = -4*u + 25, -248 = -k*n + 5*u - 43. What is the highest common divisor of 18 and n?
9
Suppose 2*m - 4*m + 120 = 0. Suppose 3*b - 95 = -2*g - 0*b, 2*g - 2*b - 70 = 0. Calculate the highest common factor of g and m.
20
Let w = -20 - -24. Let n = w - 0. Suppose 60 + 0 = n*x. What is the greatest common factor of 6 and x?
3
Suppose -34*w + 49*w = 1050. Calculate the greatest common divisor of 1365 and w.
35
Let h be (0 - (29 + -6))*(1 - 3). Calculate the greatest common divisor of 46 and h.
46
Let b be (-2)/2 + (59 - 2). Suppose 3*q - 4*n - 37 = 0, 0*q + 2*n + 43 = 5*q. What is the greatest common divisor of b and q?
7
Suppose -5*b = 21 - 51. Let s be (-8)/(16/b) - -218. What is the highest common divisor of s and 86?
43
Suppose 3*m + 2*t - 2258 = 0, 7*t - 3 = 4*t. What is the greatest common divisor of 32 and m?
16
Let o = -1 - 0. Let k be (-7)/(-7) - 15/o. What is the highest common factor of k and 112?
16
Let i(q) = -2*q**3 + 8*q + 12. Let t be i(-2). Calculate the highest common divisor of 20 and t.
4
Let y(v) = -16 + 28*v**2 - 3*v + 5*v - 26*v**2. Let x be y(7). Let f = 9 + 3. What is the greatest common factor of x and f?
12
Suppose -361 = -2*x + b, 327 + 215 = 3*x - 2*b. Calculate the greatest common divisor of 36 and x.
36
Let n(v) = v + 5. Let q be n(13). Let w = q + -18. Suppose -2*l = -5*c + 16, 3*c - 4 = 4*l - w. What is the highest common factor of l and 5?
1
Let b = 249 + -84. Calculate the greatest common factor of b and 231.
33
Let p(b) = b + 1. Let y = -31 + 36. Let s be p(y). Calculate the greatest common divisor of 30 and s.
6
Suppose 3*x - 5980 = 7*x. Let c be x/(-10) - 1/(-2). Let u = c - 38. What is the highest common divisor of u and 28?
28
Suppose 0 = 4*s + 3*w - 2767, -3*s + 1386 = -s + 2*w. What is the greatest common divisor of 258 and s?
86
Suppose -4 = -c, 0 = 3*j - 5*c - 0*c + 14. Suppose -7 = -j*i + 29. Suppose -4*k = -0*k + 5*h - 556, 128 = k + 4*h. What is the highest common factor of i and k?
18
Suppose -113*m = -18*m - 3800. What is the highest common factor of m and 155?
5
Let a = -181 - -328. Suppose -c = 2*c - a. Calculate the greatest common factor of 49 and c.
49
Let f(d) = -4*d + 4. Let z be f(-4). Suppose 4*h = 3*g + z, -4*h - 6 = 5*g + 6. Let p be g*1/(-2)*4. Calculate the greatest common factor of 24 and p.
8
Let h(g) = g**3 + 7*g**2 + 5*g - 4. Let b be h(-4). Calculate the greatest common factor of 12 and b.
12
Let i = -30 - -222. Calculate the greatest common factor of 60 and i.
12
Let o = -41 - 26. Let d be o/(-2) - 21/14. What is the highest common divisor of 8 and d?
8
Suppose -4*l = -5*p - 169, 3*l + 5*p - 24 = 59. What is the highest common factor of 20 and l?
4
Suppose 0 = -8*o + 43 + 61. What is the greatest common factor of 247 and o?
13
Let w = 211 + -139. Let p(l) = l - 6. Let m be p(14). What is the highest common divisor of m and w?
8
Let q be 25 - -2*1/(-2). Let l be 9/(-12)*(-17)/((-68)/(-192)). What is the greatest common divisor of q and l?
12
Let c be (2/3)/(12/54). Let h = -1 + c. Suppose 260 = 3*m + h*b, 2*m - 5*b - 103 - 83 = 0. What is the greatest common divisor of 11 and m?
11
Let m = -116 - -120. Let y be m/(-52)*-314 + 2/(-13). Calculate the highest common divisor of 264 and y.
24
Let h(c) = 11*c + 14. Let p be h(5). Suppose s - 51 = p. What is the greatest common factor of 48 and s?
24
Suppose 13*t + 76 = 193. What is the greatest common divisor of t and 1251?
9
Suppose 0 = 3*g + 2*v + 3*v + 21, -5*v = -3*g - 21. Let f = g + 7. Suppose f = -3*u + 324 - 39. What is the highest common divisor of u and 38?
19
Let l be 1*-2*(-21 - -4). Suppose 345 = n - 6*n. Let z = n - -120. What is the greatest common factor of z and l?
17
Suppose 4 = 3*r - 68. Suppose -3*i - 60 = -10*d + 7*d, -56 = -3*d + 2*i. What is the greatest common divisor of r and d?
8
Let m(s) = -21*s - 1. Let u be m(-2). Let q = u + -19. What is the greatest common divisor of 44 and q?
22
Suppose -113*d - 429 = -126*d. Suppose -4*t + 6 = -6. Calculate the greatest common factor of d and t.
3
Suppose 23 = l + 19. Calculate the greatest common divisor of 12 and l.
4
Let f = 1394 + -1334. What is the highest common divisor of f and 630?
30
Suppose 4*o + 16 = v, -4*v + 14 = -5*o - 28. Calculate the greatest common divisor of 1024 and v.
8
Let n = 2 + -9. Let j(h) = -5*h - 30. Let c be j(n). Calculate the greatest common divisor of 5 and c.
5
Let h be 2*(1 + 20/(-8)). Let z(k) = -4*k**3 - 4*k**2. Let r be z(h). Let c be (-6)/(-3) + -2 + 180. Calculate the greatest common factor of r and c.
36
Let y be -4 - (-9 + 2 + 1). Suppose 6 = w + 2*x, 18 = y*w + x + x. Calculate the highest common divisor of w and 120.
12
Let z be -3*(-12)/45 + 876/5. Suppose 2*s + s + k = 47, 3*s - 46 = -2*k. What is the greatest common factor of s and z?
16
Let k = -23 - -34. Let m(p) = 27*p + 17. Let u be m(1). What is the highest common factor of k and u?
11
Let c(s) = s**2 - 4*s - 7. Let w be c(6). Suppose -w*o + 0*o - 273 = -3*q, q = -4*o + 91. Calculate the greatest common factor of 13 and q.
13
Suppose -3*h + n = -0*h + 152, h - 3*n + 40 = 0. Let u be h/(-4) + 12/(-3). Let p be (18/8)/(2/56). Calculate the greatest common divisor of u and p.
9
Suppose 4*s + 4*i = 1212, -s - 303 = -2*s - 4*i. Let d be s/3 + 8/(-8). What is the greatest common factor of d and 250?
50
Let r be ((-12)/6)/(6 + (-425)/70). Let w(s) = s**2 - s. Let m be w(-3). Let x be (-2 - m/(-9))*-6. What is the greatest common divisor of x and r?
4
Suppose -108*s + 105*s